at is the remainder when 268863 is divided by 17924?
3
Calculate the remainder when 186670 is divided by 18667.
0
Calculate the remainder when 12515 is divided by 12449.
66
What is the remainder when 4987 is divided by 249?
7
Calculate the remainder when 46244 is divided by 670.
14
What is the remainder when 28043 is divided by 14013?
17
Calculate the remainder when 988 is divided by 110.
108
What is the remainder when 9325 is divided by 212?
209
Calculate the remainder when 1760 is divided by 673.
414
What is the remainder when 442647 is divided by 78?
75
What is the remainder when 1031079 is divided by 26?
23
What is the remainder when 69473 is divided by 281?
66
What is the remainder when 1562 is divided by 36?
14
What is the remainder when 81992 is divided by 90?
2
What is the remainder when 2440 is divided by 7?
4
Calculate the remainder when 10516 is divided by 811.
784
Calculate the remainder when 6113 is divided by 139.
136
What is the remainder when 1801 is divided by 16?
9
Calculate the remainder when 12630 is divided by 3131.
106
Calculate the remainder when 577145 is divided by 115427.
10
Calculate the remainder when 4121 is divided by 661.
155
What is the remainder when 310 is divided by 75?
10
What is the remainder when 49148 is divided by 68?
52
What is the remainder when 40197 is divided by 5024?
5
Calculate the remainder when 1534 is divided by 167.
31
Calculate the remainder when 1089551 is divided by 19.
15
Calculate the remainder when 643 is divided by 187.
82
Calculate the remainder when 115190 is divided by 263.
259
What is the remainder when 4303 is divided by 140?
103
What is the remainder when 1909 is divided by 230?
69
What is the remainder when 5335 is divided by 796?
559
Calculate the remainder when 951 is divided by 10.
1
Calculate the remainder when 6323 is divided by 631.
13
What is the remainder when 1001 is divided by 227?
93
Calculate the remainder when 14226 is divided by 339.
327
What is the remainder when 254753 is divided by 84913?
14
What is the remainder when 199936 is divided by 518?
506
Calculate the remainder when 5235 is divided by 750.
735
What is the remainder when 935 is divided by 441?
53
Calculate the remainder when 4914 is divided by 15.
9
What is the remainder when 90206 is divided by 645?
551
What is the remainder when 404711 is divided by 657?
656
What is the remainder when 1174 is divided by 999?
175
Calculate the remainder when 3111 is divided by 1242.
627
What is the remainder when 4412 is divided by 1393?
233
What is the remainder when 19398 is divided by 99?
93
Calculate the remainder when 26116 is divided by 9.
7
What is the remainder when 597073 is divided by 57?
55
What is the remainder when 2349 is divided by 28?
25
Calculate the remainder when 677715 is divided by 23.
20
Calculate the remainder when 461 is divided by 276.
185
Calculate the remainder when 2531 is divided by 26.
9
Calculate the remainder when 900247 is divided by 163.
161
What is the remainder when 3597 is divided by 1253?
1091
Calculate the remainder when 3119 is divided by 14.
11
What is the remainder when 325863 is divided by 325846?
17
What is the remainder when 44421 is divided by 133?
132
What is the remainder when 60892 is divided by 15208?
60
What is the remainder when 2635 is divided by 1247?
141
Calculate the remainder when 5855 is divided by 29.
26
Calculate the remainder when 382296 is divided by 53.
7
Calculate the remainder when 82201 is divided by 6.
1
What is the remainder when 17129 is divided by 2420?
189
Calculate the remainder when 42 is divided by 22.
20
What is the remainder when 143 is divided by 9?
8
What is the remainder when 11050 is divided by 736?
10
What is the remainder when 1256 is divided by 494?
268
Calculate the remainder when 79610 is divided by 15920.
10
Calculate the remainder when 5615 is divided by 5603.
12
Calculate the remainder when 1230 is divided by 881.
349
Calculate the remainder when 155809 is divided by 9737.
17
What is the remainder when 686877 is divided by 360?
357
Calculate the remainder when 117719 is divided by 626.
31
What is the remainder when 4740 is divided by 389?
72
Calculate the remainder when 2449 is divided by 53.
11
Calculate the remainder when 59242 is divided by 205.
202
Calculate the remainder when 2730 is divided by 396.
354
Calculate the remainder when 16804 is divided by 255.
229
What is the remainder when 36079 is divided by 60?
19
Calculate the remainder when 8866 is divided by 174.
166
Calculate the remainder when 1938 is divided by 387.
3
Calculate the remainder when 38305 is divided by 2128.
1
What is the remainder when 13936 is divided by 13880?
56
Calculate the remainder when 2826 is divided by 201.
12
What is the remainder when 573231 is divided by 573221?
10
What is the remainder when 1219 is divided by 766?
453
What is the remainder when 63054 is divided by 2425?
4
What is the remainder when 54528 is divided by 18174?
6
What is the remainder when 139044 is divided by 740?
664
What is the remainder when 167413 is divided by 83706?
1
Calculate the remainder when 958435 is divided by 28.
23
Calculate the remainder when 1203 is divided by 18.
15
What is the remainder when 2112096 is divided by 29?
26
What is the remainder when 1877 is divided by 926?
25
Calculate the remainder when 166313 is divided by 41577.
5
Calculate the remainder when 877 is divided by 266.
79
Calculate the remainder when 27345 is divided by 13605.
135
Calculate the remainder when 3069 is divided by 57.
48
What is the remainder when 36106 is divided by 16?
10
Calculate the remainder when 1564157 is divided by 69.
65
What is the remainder when 3797 is divided by 9?
8
What is the remainder when 186694 is divided by 38?
0
What is the remainder when 9577 is divided by 4786?
5
Calculate the remainder when 11791 is divided by 5857.
77
What is the remainder when 4952 is divided by 24?
8
Calculate the remainder when 437441 is divided by 218720.
1
Calculate the remainder when 12859 is divided by 143.
132
What is the remainder when 557 is divided by 20?
17
What is the remainder when 18005 is divided by 148?
97
Calculate the remainder when 328406 is divided by 72.
14
Calculate the remainder when 21649 is divided by 54.
49
Calculate the remainder when 52344 is divided by 29.
28
Calculate the remainder when 12927 is divided by 6463.
1
Calculate the remainder when 18178 is divided by 158.
8
What is the remainder when 49289 is divided by 498?
485
What is the remainder when 5122 is divided by 1671?
109
Calculate the remainder when 240254 is divided by 2204.
18
What is the remainder when 506160 is divided by 360?
0
What is the remainder when 7240 is divided by 13?
12
What is the remainder when 82047 is divided by 73?
68
Calculate the remainder when 534808 is divided by 133699.
12
Calculate the remainder when 250488 is divided by 370.
368
Calculate the remainder when 11936 is divided by 12.
8
Calculate the remainder when 568 is divided by 106.
38
What is the remainder when 53505 is divided by 139?
129
Calculate the remainder when 10659 is divided by 84.
75
What is the remainder when 31795 is divided by 997?
888
What is the remainder when 162432 is divided by 85?
82
Calculate the remainder when 6217 is divided by 22.
13
What is the remainder when 64564 is divided by 3?
1
Calculate the remainder when 1921 is divided by 100.
21
Calculate the remainder when 6282 is divided by 789.
759
What is the remainder when 28483 is divided by 185?
178
Calculate the remainder when 42238 is divided by 32.
30
Calculate the remainder when 80428 is divided by 383.
381
Calculate the remainder when 625 is divided by 107.
90
What is the remainder when 18946 is divided by 541?
11
What is the remainder when 840115 is divided by 249?
238
Calculate the remainder when 1741 is divided by 522.
175
Calculate the remainder when 579671 is divided by 463.
458
Calculate the remainder when 17286 is divided by 467.
7
Calculate the remainder when 3413337 is divided by 15.
12
What is the remainder when 3949 is divided by 233?
221
Calculate the remainder when 14073 is divided by 46.
43
What is the remainder when 6142 is divided by 16?
14
Calculate the remainder when 92264 is divided by 5.
4
Calculate the remainder when 8912